= t*w - 259. Suppose -l = 3*l - w. List the prime factors of l.
2
Let y(q) = -2*q + 4*q + q**3 - 13 + q + 11 + 2*q**2. List the prime factors of y(3).
2, 13
Let k = 41 - -21. What are the prime factors of k?
2, 31
Let i = 11 + -5. List the prime factors of i.
2, 3
Suppose -b + 3*b - 5*q - 33 = 0, -b - 1 = q. Suppose -b*k = -k. What are the prime factors of 16 - 0/(k + 3)?
2
Let p(z) = -z**3 + 4*z**2 + 3*z. Let m be p(5). List the prime factors of 78/5 - 4/m.
2
Suppose 27 = 2*m - 297. List the prime factors of m.
2, 3
Let x(y) = -y**2 + 9*y - 8. Let t be x(8). Let b be (t - -4)*(-5)/10. What are the prime factors of (52/6)/(b/(-3))?
13
Suppose a = 3*a. Suppose a = -2*t + 21 - 5. Suppose 4*d - t = -0. What are the prime factors of d?
2
Let s be (0 - -5)*2/5. Suppose -s*n + 2*b = -20, -4*b + 26 = 5*n - 6. What are the prime factors of n?
2
Suppose -3*v = -8*v + 25. Suppose -15 = -5*h - 4*n + v, -5*h - 3*n = -25. What are the prime factors of (1*3)/(h/24)?
3
Suppose -5*i = 20 + 10. Let b be ((-5)/(-3))/(2/i). Let g = 16 + b. List the prime factors of g.
11
Let t = -6 - -13. Suppose 4*m + 5*z = 0, -m + z - 9 = -0*z. Let r = t + m. What are the prime factors of r?
2
Let z = 14 + -10. List the prime factors of z.
2
Suppose -f + 57 + 17 = 0. Let b = f + -40. Let j = b - 13. What are the prime factors of j?
3, 7
Let i(l) = -2*l**2 - 6*l + 3. List the prime factors of i(-3).
3
Let r be (-2)/(-9) - (-2)/(-9). List the prime factors of r + -3 - (-14 - -1).
2, 5
Let n = -164 + 318. What are the prime factors of n?
2, 7, 11
Let z(d) be the third derivative of -d**5/60 - 13*d**4/24 + d**3/3 - 7*d**2. List the prime factors of z(-10).
2
Let q(j) = -2*j + 21. List the prime factors of q(-15).
3, 17
Suppose y - 5*y = -8, -5*r + 170 = -5*y. List the prime factors of r.
2, 3
Suppose 4*z = -1 - 3. Let j be 4 - ((0 - z) + -1). Suppose 0 = 2*x + 3*a - 22, j*x - 5*a - 44 = -2*a. What are the prime factors of x?
11
Suppose 0 = -2*o + 3*w + 8, 7*w - 2*w + 8 = -2*o. Let z = o + 15. List the prime factors of z.
2
Suppose 5*q + 3*f = 7*q - 54, -q - 2*f + 27 = 0. List the prime factors of q.
3
Let i be (-10)/35 - 100/(-7). Let p = i + 12. Let w = p - 10. List the prime factors of w.
2
Let m = 14 - -54. List the prime factors of m.
2, 17
Suppose -92 = -6*u + 10. List the prime factors of u.
17
Let a(r) = -2*r**3 - 6*r**2 + 3. What are the prime factors of a(-5)?
103
Let g(a) = -3*a**2 + 19*a + 7. Let q(c) = -2*c**2 + 10*c + 3. Let p(h) = -3*g(h) + 5*q(h). Let i be p(-4). List the prime factors of ((-4)/5)/(i/(-105)).
2, 7
Suppose 0*s + s = 4*h + 52, -4*s - 2*h + 154 = 0. What are the prime factors of s?
2, 5
Let t = 308 + -85. List the prime factors of t.
223
Suppose 0 = 5*t - 4 - 16. Suppose -3*w - t*m + 0 = -53, 2*w + 2*m - 32 = 0. Let q = -3 + w. What are the prime factors of q?
2
Suppose 0*v + 5*v + 15 = -3*t, 4*v = 4*t + 20. Let n = -5 - t. Suppose 3*i = n, i + i - 30 = -3*l. What are the prime factors of l?
2, 5
Suppose 0*j = -4*j - 32. Let r = -6 - j. List the prime factors of r.
2
Let q(g) = 2*g**2 + 5*g - 20. What are the prime factors of q(9)?
11, 17
What are the prime factors of (6 - 11085/(-35)) + (-4)/(-14)?
17, 19
Let d(k) = -2*k. Let f be d(-2). Suppose -3*t + 19 = f. What are the prime factors of t?
5
Suppose 975 = 5*w - 55. Suppose -11 + w = -5*y. What are the prime factors of -2 + (-1)/(3/y)?
11
What are the prime factors of ((-112)/6)/((-16)/24)?
2, 7
Let x be (-1)/5 + 26/5. Suppose x*q - 5 = 5*d, 2*d = -3*q + 17 + 1. Suppose m + q*m = 55. What are the prime factors of m?
11
Let i be -6 + (-1 - (-3 + -1)). Let n(w) = 4*w**3 - w + 0*w**3 - 3*w**2 - 5*w**3. What are the prime factors of n(i)?
3
Suppose -4*z + 94 = -5*g, -2*g - 5*z = -g + 13. Suppose 5*i + 149 = -0*r + 2*r, 4*r + 12 = 0. Let h = g - i. What are the prime factors of h?
13
Let z be (4 - -50)*(-10)/(-4). Suppose -4*q = -7*q + z. What are the prime factors of q?
3, 5
Let w(s) = s**3 - 8*s**2 + 8*s. Let b be w(7). Suppose -27 = -2*r - b. List the prime factors of r.
2, 5
Let c(h) = -h**3 - 10*h**2 - 15*h - 6. List the prime factors of c(-10).
2, 3
Let d = -5 - -8. Suppose 6*n = d*n + 12. Suppose k - 6 = n*h, -3*k - h + 23 + 8 = 0. List the prime factors of k.
2, 5
Let n = -93 + 246. What are the prime factors of n?
3, 17
Suppose 3*u = -0 + 3. List the prime factors of (u*-2)/2*-4.
2
Let y = 106 - 76. Let s = -18 + y. List the prime factors of s.
2, 3
Let t(n) = -n**3 - 9*n**2 + 3. Let a = -10 - -6. Let s be 37/a + (-1)/(-4). List the prime factors of t(s).
3
Let b(v) = -v + 14. Let t be b(7). What are the prime factors of 75/7 - (-2)/t?
11
Let h = 61 + 113. Let j = h + -122. List the prime factors of j.
2, 13
Let f = 4 - 2. Suppose f*k = 11 + 21. List the prime factors of k.
2
Let g = -1 + 13. Let i = g + 0. What are the prime factors of i?
2, 3
Suppose 5*z + 3*t - 67 = -6, 4*z = 3*t + 65. List the prime factors of z.
2, 7
Suppose 0 = 4*h - 4, -5*y - 2*h = -0*h - 342. List the prime factors of y.
2, 17
Let j(h) = 5*h**3 - 1. List the prime factors of j(2).
3, 13
Suppose -4*d - 3*y + 48 = -51, -5*y + 25 = 0. List the prime factors of d.
3, 7
Let j(x) = 19*x + 6. Let k be j(7). Suppose -4*p + k = 23. List the prime factors of p.
29
Let i = -10 - -57. List the prime factors of i.
47
Suppose 2*b - 2 = 3*z + z, -4*z + 3 = -3*b. Let q = -2 - -2. List the prime factors of 20/6*(q - z).
2, 5
Suppose -5*r = -546 + 21. What are the prime factors of r?
3, 5, 7
Let o = -123 + 340. List the prime factors of o.
7, 31
Suppose 304 = 24*m - 20*m. List the prime factors of m.
2, 19
Let u(p) be the third derivative of p**2 + 1/15*p**6 - 1/24*p**4 + 0*p + 0*p**3 + 0 + 1/60*p**5. What are the prime factors of u(1)?
2
Let n = 1 - -3. List the prime factors of n.
2
Let t = 8 + 141. What are the prime factors of t?
149
Suppose c = 3*b + 2 + 4, c - 22 = -b. List the prime factors of c.
2, 3
Suppose 2*c = -c - 3*w + 3, -5*w = 4*c - 7. Let d be (3/(-4))/(1/(-8)). Let t = d + c. What are the prime factors of t?
2
Let d(j) = 8*j - 1. Let z(w) = 4*w. Let b(f) = 3*d(f) - 7*z(f). Suppose 0 = -m - 4*m - 15. What are the prime factors of b(m)?
3
Let w(m) = -m**3 - 16*m**2 - 4*m - 9. What are the prime factors of w(-16)?
5, 11
Suppose -b + 46 = -x - 2*x, -4*x - 16 = 0. What are the prime factors of b?
2, 17
Let b = -5 - -7. Suppose 4*r + b*p + 9 = 5*r, 5*p + 18 = -2*r. Suppose -2*h - 5*w = r, 2*w - 3*w = h - 1. What are the prime factors of h?
2
Let l = -6 + 11. Let a be (-2)/l - (-32)/(-20). What are the prime factors of (a/(-3))/(8/180)?
3, 5
List the prime factors of 0 - -2 - (-18)/2.
11
Suppose -3*x - 212 = -7*x. What are the prime factors of x?
53
What are the prime factors of 16*(105/10 + -3 - -4)?
2, 23
Let a = 7 - 2. Suppose a*o + 4 = -y + 20, 0 = y + 3*o - 12. List the prime factors of 46/y + 7/21.
2
Suppose 0*p = 5*p - 145. Suppose -5*m + 76 = k, 0 = 4*m - 2*k - p - 29. What are the prime factors of m?
3, 5
Suppose n - 5*l - 30 = 0, 57 = 4*n - 0*l + l. List the prime factors of ((-18)/n)/(4/(-20)).
2, 3
Suppose b + 4 = 0, -c - b + 0*b + 3 = 0. List the prime factors of c - (1 - 2 - 0).
2
Let q be -2 + 1*(-9)/(-1). Let x(t) = 3*t**2 + 14*t + 18. Let v(p) = p**2 + 7*p + 9. Let k(n) = 5*v(n) - 2*x(n). What are the prime factors of k(q)?
3
Suppose 0 = -3*p - 0 - 3. Let r be p/(15/(-6))*5. Suppose -r*y + 0*y = -20. What are the prime factors of y?
2, 5
Let t(f) = -f**3 - 8*f**2 - f - 10. Let q be t(-7). Let r = q + 81. List the prime factors of r.
29
Let w(m) = m**2 + 3. Let d(q) = q. Let x be d(-2). Let l be 5/(-1) + (-4)/x. What are the prime factors of w(l)?
2, 3
Suppose 147 - 697 = -5*d. Let n = d - 78. List the prime factors of n.
2
Let l(k) = -4*k - 7. Suppose q + 5 = -0. List the prime factors of l(q).
13
Suppose 4*o = 5*t + 811, t = -4*o + 494 + 323. What are the prime factors of o?
2, 3, 17
List the prime factors of -14*75/(-6) + 5.
2, 3, 5
Let w = -8 + 10. Suppose -w = -q + 9. List the prime factors of q.
11
What are the prime factors of 2/12 + (-1375)/(-30)?
2, 23
Suppose -5*m + 0*h = -5*h - 15, m = -3*h + 11. What are the prime factors of 9*(m/1 - 2)?
3
Let m = 204 + -141. What are the prime factors of m?
3, 7
Let y(p) = -1. Let c(v) be the second derivative of -v**3/3 - 2*v**2 - 2*v. Let j(g) = -c(g) + 2*y(g